t g be w(9). Suppose -l + 30 = -2*l - 5*u, 0 = 5*u. What is the tens digit of (g/(-9))/(2/l)?
1
Let w = 17 + 3. Suppose -3*x = 23 - 35. Suppose -m + 3*c + 25 = 0, 15 + w = x*m + c. What is the tens digit of m?
1
Let w(r) = -r**3 - 2*r**2 - 2*r + 1. Let l be w(-2). Suppose -l = -3*q + 2*q. What is the units digit of q?
5
Let y(t) be the first derivative of -t**4/4 + 2*t**3 + 4*t - 2. What is the units digit of y(5)?
9
Suppose -36 + 8 = -d. What is the tens digit of d?
2
Let c be (-59)/(-4) + 9/(-12). Suppose -4 = 2*u - c. What is the units digit of u?
5
Let a = -10 - -25. Let b be a/6*(-6)/(-5). Suppose 4*n + n = -b*c + 26, -2*n + 3*c + 23 = 0. What is the units digit of n?
7
Let m be 2/(-3) + (-17)/(-3). Suppose -p = -m*p - 20. Let d = p - -15. What is the units digit of d?
0
Suppose -3*o + r = -o - 39, -5*o = -3*r - 99. What is the tens digit of o?
1
Let f be ((-4)/(-3))/(10/(-105)). Let w = f + 24. What is the tens digit of w?
1
What is the units digit of -2*3/(-18) + (-188)/(-12)?
6
Let o(q) = -5*q - 1. Let f(p) = 2*p**3 - 2*p**2 + 1. Let m be f(1). Suppose -3*h + 4*i - 2 = 0, -4*h + h + 5*i - m = 0. What is the units digit of o(h)?
9
Suppose 6 = 2*h + 3*v - 1, 4*h - 29 = -3*v. What is the tens digit of h?
1
Suppose 0*i = -i + 5*f - 8, -12 = -i + f. Suppose -l + 0*x = 2*x - 2, -3*l + 5*x = -i. Suppose -33 = -l*n - t, 3*n - t = 13 + 10. What is the units digit of n?
8
Suppose -283 = -4*b + 109. What is the tens digit of b?
9
Let u be -1*(1 + -1)/3. What is the units digit of 1 - u - -3 - 0?
4
Suppose -7 - 93 = -4*k - 3*i, 0 = 3*k + 2*i - 74. What is the units digit of k?
2
Let g(n) = -n**3 + 7*n + 5. What is the tens digit of g(-4)?
4
Let a(n) = 4*n - 2. Suppose 4*s = 2*v - 2, -2*v - 3 = 2*s - s. Let g = 2 - v. What is the units digit of a(g)?
0
Suppose y = -3 + 6. Let u be 18/5*10/y. Suppose a - 2*w = 3*w + 3, -4*w + u = a. What is the units digit of a?
8
Let r(d) = d**2 - d + 1. Let u be r(2). Suppose -32 = -u*l - 11. What is the units digit of l?
7
Let v be (16/(-12))/(1/3). Let k(o) be the first derivative of -o**2/2 + 4*o - 1. What is the units digit of k(v)?
8
Let t(n) = -n**3 + n - 2. Let r be t(4). Let k be r/(-6) - (-2)/3. Let z = k - 6. What is the units digit of z?
5
Let p(s) = -5*s**3 + 2*s + 1. Let k(n) = 5*n**3 - 3*n - 2. Let q(l) = -2*k(l) - 3*p(l). What is the units digit of q(1)?
6
Suppose -2*g = -3*g + 17. Suppose -n - 4*n = -40. Let z = g - n. What is the units digit of z?
9
Let x(f) = 2*f - 11. Let o be x(7). Suppose 2*l = -2*b + 10, -3*l - o = -4*b + 31. What is the units digit of b?
7
Let p(m) = 13*m**2 + 4*m + 9. Let y(j) = -6*j**2 - 2*j - 5. Let f(s) = 6*p(s) + 11*y(s). Suppose -3*x - 11 = t, 4 = -x - 0. What is the tens digit of f(t)?
1
Suppose 5*u = 4*a - 2, -a - 3*u + 15 = 2*a. Suppose -m + 10 - a = 0. What is the units digit of m?
7
Let h(x) = -x**2 + 6*x - 5. Let w be h(4). Suppose 5*u - 105 = -5*y, -2*y + 3*u = -40 + w. What is the units digit of y?
0
Suppose 0 = k - 3*a - 141, -k - k - 2*a = -290. What is the hundreds digit of k?
1
Suppose -2 = -m - 21. Let h = m + 38. What is the tens digit of h?
1
Suppose -3*b - 7 = 4*z, -b - b + 2 = z. Let k = 16 + z. What is the tens digit of k?
1
Let g(n) = 146*n**2 - n + 1. What is the tens digit of g(-1)?
4
Let c be (-2)/2 + 1 - 0. Suppose c = -p + 5*p - 32. What is the units digit of p?
8
Let w(j) = j**2 - 6*j + 10. What is the units digit of w(9)?
7
Let r(j) = -40*j - 20. What is the tens digit of r(-2)?
6
Let p = 103 - 175. Let g = p + 106. What is the tens digit of g?
3
Let x = 15 - 7. Let r = 20 - x. What is the tens digit of r?
1
Let b(t) be the first derivative of 0*t**2 + 1 + 1/4*t**4 - 1/3*t**3 + 4*t. What is the units digit of b(0)?
4
Suppose 15 = -5*v + 35. Let g(z) = 2 - 4*z + 0 - 3*z**2 + 4 + z**3. What is the units digit of g(v)?
6
Let b(x) = x**2 - 4*x. Let m be b(4). Let k = m - 0. Suppose k*p - 4*p + 4 = 0. What is the units digit of p?
1
Let u(v) = v**2 - 6*v + 3. Let m be u(6). Let d = m + -1. Suppose g = -4*z - 11, 0 = -d*g + 7*z - 3*z + 38. What is the units digit of g?
9
Let m(w) = -w**3 - 9*w**2 + 16*w - 5. What is the units digit of m(-11)?
1
What is the tens digit of (-5)/(15/2) - (-1465)/15?
9
Suppose 0 = -2*h - 0*h + 22. Suppose 4 = -m + h. Let w = m - 1. What is the units digit of w?
6
Suppose -3*l + 8*l = -80. Let w = l + 5. Let y = w - -15. What is the units digit of y?
4
Suppose 0 = -5*i - 4*v + v - 4, -i = 5*v - 8. Let j be 2*(-1)/i - 6. What is the units digit of (0 - -11) + 15/j?
8
Suppose -108*b + 124 = -106*b. What is the tens digit of b?
6
Suppose 5*b = 870 - 70. What is the units digit of b?
0
What is the units digit of (9/(-15))/(1/(-75))?
5
What is the tens digit of (-61)/(-3*(-4)/(-12))?
6
Let w = -65 + 120. What is the units digit of w?
5
Let s be 17/4 + (-6)/24. Suppose 0 = 2*p + s*a - 22, -11 = -0*p - p + 2*a. What is the tens digit of p?
1
Suppose -2*m - 5*x + 61 = -0*m, -3*m + 2*x = -44. What is the units digit of m?
8
Suppose 5*h = -3*m + 3, 1 - 5 = -h - 4*m. Suppose 0 = -3*a - 5*l + 74, -5*a + l - 5*l + 106 = h. What is the units digit of a?
8
Suppose j = -2*j + v + 1, 4*v = 2*j + 16. Let b be (56/12)/(j/3). Let t(u) = u**3 - 7*u**2 + u. What is the units digit of t(b)?
7
Let q(l) = l**3 - 9*l**2 - 9*l + 6. Suppose -5*g = -2*g - 30. What is the units digit of q(g)?
6
Suppose 0 = s - 2*r - 6, -5*s + 3*r - 9 = 6*r. Suppose -2*g - x = 2*g - 8, 5*g + 2*x - 7 = s. Suppose 3*b - g = -0*b. What is the units digit of b?
1
Let q(g) = -g**3 - 30*g**2 + 59*g - 13. What is the tens digit of q(-32)?
4
Let y(a) be the third derivative of -1/12*a**4 - 1/6*a**3 + 0 - 4*a**2 + 0*a. What is the tens digit of y(-7)?
1
Suppose 8 - 4 = -y, 0 = 2*l + 2*y + 128. Let t = l - -92. What is the units digit of t?
2
Let y(a) = a**2 - 9. What is the units digit of y(4)?
7
Let z(b) = -7*b - 3. Let g be z(-2). Suppose 4*d = 2*r + 3*r + 34, -r + d = 7. Let k = r + g. What is the units digit of k?
5
Let t(c) = 7*c**2 + 9 - 7*c - 6*c**2 + 11. What is the tens digit of t(8)?
2
Suppose -3*g - 3*v = -12, -4 = g - 2*g - 4*v. Let m(a) be the second derivative of a**3/3 - 3*a**2/2 - 2*a. What is the units digit of m(g)?
5
Suppose -2*t = -t - 6. Suppose -5*j + t*j + 1 = 0. What is the units digit of 3 + 2/(1 - j)?
4
Let p = 5 + -2. Suppose 0 = -p*k - 2*t - 2*t + 46, -3*k + 34 = t. What is the units digit of k?
0
Suppose 0 = -0*m - 4*m. What is the units digit of (-3 + m - -4) + 3?
4
Let h(q) = q**3 - 4*q**2 - 5*q - 8. Let v be h(5). What is the tens digit of 324/v*(-2)/3?
2
Suppose -164 = -3*n + 28. What is the units digit of n?
4
Let h(w) = -w**2 - 5*w - 5. Let u be h(-5). Let b(f) = f**3 + 7*f**2 + 6*f - 2. What is the tens digit of b(u)?
1
Let x(l) be the first derivative of 2*l - 7/3*l**3 - 7/2*l**2 - 1/4*l**4 + 4. What is the units digit of x(-6)?
8
Let f(u) = -u**3 + u + 9. Let g be f(0). Let p = 13 - g. Suppose -p*l = 3 - 39. What is the units digit of l?
9
Suppose -3*i = -2*o + 467, -o + 3*o = -3*i + 437. What is the hundreds digit of o?
2
Let z(p) be the third derivative of 0 + 1/24*p**4 - 1/2*p**3 + 2*p**2 + 0*p. What is the units digit of z(7)?
4
Suppose 32*v = 39*v - 1540. What is the tens digit of v?
2
Let k(p) = -p**2 - p + 4. Let u be k(0). Suppose u*g + g = 0. Let c = 2 - g. What is the units digit of c?
2
Let c(q) = q**2 + 4*q - 12. What is the tens digit of c(-9)?
3
Suppose 0 = 2*v - 6*v + 24. Suppose v = -5*o - 9. Let y(k) = -3*k - 4. What is the units digit of y(o)?
5
Let g = -30 - -58. Suppose -4*r - 5*a + 0*a + g = 0, 0 = -2*r - a + 14. What is the units digit of r?
7
Suppose 0 = 5*h - 0*h. Suppose h = -m + 4*t - 12, -3*t + 0 = -4*m + 4. What is the units digit of m?
4
Suppose -7 = -7*p + 266. What is the tens digit of p?
3
Suppose 3*p + p - 52 = 4*v, 5*p - v - 45 = 0. Suppose -p - 7 = -5*i. What is the units digit of i?
3
Suppose -v = 2*s + 1, 0 = -v + 3*v - 4*s - 30. What is the units digit of v?
7
Let y(k) = -k**2 + 7*k - 3. Let m be y(6). Let h be (m + -61)*1/(-2). Let n = h - 21. What is the units digit of n?
8
Suppose 64 = 2*c + 2*c. What is the tens digit of c?
1
Let b = -3 + 4. Suppose -f = -b - 8. What is the units digit of f?
9
Suppose -j - 1 = -2*j, -3*j = 5*r - 58. Suppose r = f + 5*o - 14, -5*f = -3*o - 13. What is the units 